{"id":7111,"date":"2017-12-07T21:40:18","date_gmt":"2017-12-07T21:40:18","guid":{"rendered":"https:\/\/latinohistoryproject.org\/teachers\/?page_id=7111"},"modified":"2017-12-07T21:51:25","modified_gmt":"2017-12-07T21:51:25","slug":"spanish-resources","status":"publish","type":"page","link":"https:\/\/latinohistoryproject.org\/teachers\/spanish-resources\/","title":{"rendered":"Spanish Resources"},"content":{"rendered":"<p>We are in the process of curating several of our resources into Spanish. Please check back frequently for additions.<br \/>\n\n<table id=\"tablepress-10\" class=\"tablepress tablepress-id-10\">\n<thead>\n<tr class=\"row-1\">\n\t<th class=\"column-1\"><strong>Title<\/strong> <\/th><th class=\"column-2\"><strong>Audience<\/strong><\/th><th class=\"column-3\"><strong>Topic<\/strong> <\/th><th class=\"column-4\">Resource Type<\/th>\n<\/tr>\n<\/thead>\n<tbody class=\"row-striping row-hover\">\n<tr class=\"row-2\">\n\t<td class=\"column-1\"><a href=\"https:\/\/docs.google.com\/document\/d\/1ZsdKrxUh_A437d0Yaglif73hMfcLKXhtP2-TaFHPwoI\/edit#heading=h.gjdgxs\"> La Historia de Colorado \u2013 4\u00ba Grado: Integrando La Historia de los Latinos del Condado de Boulder<\/a><br \/>\n<\/td><td class=\"column-2\">Elementary Students<\/td><td class=\"column-3\">Colorado History <\/td><td class=\"column-4\">Lesson Plan <\/td>\n<\/tr>\n<tr class=\"row-3\">\n\t<td class=\"column-1\"><a href=\"https:\/\/docs.google.com\/document\/d\/1EKOkXN2uRxqIY0eIZ2REyky8xusx4pjLP8yICFTgQU4\/edit\">La contribuci\u00f3n de los trabajadores latinos del campo, 1900-1940<\/a><\/td><td class=\"column-2\">Students, Teachers, Community memebers<\/td><td class=\"column-3\">Colorado History, Latino Workers <\/td><td class=\"column-4\">Book Excerpt<\/td>\n<\/tr>\n<tr class=\"row-4\">\n\t<td class=\"column-1\"><a href=\"https:\/\/docs.google.com\/document\/d\/1yRtUUtTd5KQ9Je-P2x_ZSmHpHkmobPNZLLbQyl52sV0\/edit\">Eracism: exploraci\u00f3n de las ra\u00edces de la poblaci\u00f3n latina del condado de Boulder.<\/a><\/td><td class=\"column-2\">Students, Teachers<\/td><td class=\"column-3\">Immigration, Latino Workers<\/td><td class=\"column-4\">Primary Source<\/td>\n<\/tr>\n<tr class=\"row-5\">\n\t<td class=\"column-1\"><a href=\"https:\/\/docs.google.com\/document\/d\/1QIjIZR6wDY2Sb9ECmM9UvpWK9PFhe7xg4POJtM5Be5Y\/edit\">Una d\u00e9cada negra de actividades del KLAN en contra de los latinos locales.<\/a><\/td><td class=\"column-2\">Students, Teachers <\/td><td class=\"column-3\">Racism, discrimination <\/td><td class=\"column-4\">Primary Source<\/td>\n<\/tr>\n<tr class=\"row-6\">\n\t<td class=\"column-1\"><a href=\"https:\/\/docs.google.com\/presentation\/d\/1XTEhteVtDzfoIEmO_CAfHy2AoC9J_qJ3np0cVGeSrFg\/edit#slide=id.p3\">Trabajadores migrantes:  Herramientas que sostienen <\/a><\/td><td class=\"column-2\">Students, Teachers<\/td><td class=\"column-3\">Migrant farm work, education <\/td><td class=\"column-4\">Presentation <\/td>\n<\/tr>\n<\/tbody>\n<\/table>\n<!-- #tablepress-10 from cache --><\/p>\n","protected":false},"excerpt":{"rendered":"<p>We are in the process of curating several of our resources into Spanish. Please check back frequently for additions.<\/p>\n","protected":false},"author":4,"featured_media":0,"parent":0,"menu_order":0,"comment_status":"closed","ping_status":"closed","template":"","meta":{"_relevanssi_hide_post":"","_relevanssi_pin_for_all":"","_relevanssi_pin_keywords":"","_relevanssi_unpin_keywords":"","_relevanssi_related_keywords":"","_relevanssi_related_include_ids":"","_relevanssi_related_exclude_ids":"","_relevanssi_related_no_append":"","_relevanssi_related_not_related":"","_relevanssi_related_posts":"","_relevanssi_noindex_reason":"","footnotes":""},"class_list":["post-7111","page","type-page","status-publish","hentry"],"_links":{"self":[{"href":"https:\/\/latinohistoryproject.org\/teachers\/wp-json\/wp\/v2\/pages\/7111","targetHints":{"allow":["GET"]}}],"collection":[{"href":"https:\/\/latinohistoryproject.org\/teachers\/wp-json\/wp\/v2\/pages"}],"about":[{"href":"https:\/\/latinohistoryproject.org\/teachers\/wp-json\/wp\/v2\/types\/page"}],"author":[{"embeddable":true,"href":"https:\/\/latinohistoryproject.org\/teachers\/wp-json\/wp\/v2\/users\/4"}],"replies":[{"embeddable":true,"href":"https:\/\/latinohistoryproject.org\/teachers\/wp-json\/wp\/v2\/comments?post=7111"}],"version-history":[{"count":3,"href":"https:\/\/latinohistoryproject.org\/teachers\/wp-json\/wp\/v2\/pages\/7111\/revisions"}],"predecessor-version":[{"id":7117,"href":"https:\/\/latinohistoryproject.org\/teachers\/wp-json\/wp\/v2\/pages\/7111\/revisions\/7117"}],"wp:attachment":[{"href":"https:\/\/latinohistoryproject.org\/teachers\/wp-json\/wp\/v2\/media?parent=7111"}],"curies":[{"name":"wp","href":"https:\/\/api.w.org\/{rel}","templated":true}]}}

<p>We are in the process of curating several of our resources into Spanish. Please check back frequently for additions.<br />

<table id="tablepress-10" class="tablepress tablepress-id-10">
<thead>
<tr class="row-1">
	<th class="column-1"><strong>Title</strong> </th><th class="column-2"><strong>Audience</strong></th><th class="column-3"><strong>Topic</strong> </th><th class="column-4">Resource Type</th>
</tr>
</thead>
<tbody class="row-striping row-hover">
<tr class="row-2">
	<td class="column-1"><a href="https://docs.google.com/document/d/1ZsdKrxUh_A437d0Yaglif73hMfcLKXhtP2-TaFHPwoI/edit#heading=h.gjdgxs"> La Historia de Colorado – 4º Grado: Integrando La Historia de los Latinos del Condado de Boulder</a><br />
</td><td class="column-2">Elementary Students</td><td class="column-3">Colorado History </td><td class="column-4">Lesson Plan </td>
</tr>
<tr class="row-3">
	<td class="column-1"><a href="https://docs.google.com/document/d/1EKOkXN2uRxqIY0eIZ2REyky8xusx4pjLP8yICFTgQU4/edit">La contribución de los trabajadores latinos del campo, 1900-1940</a></td><td class="column-2">Students, Teachers, Community memebers</td><td class="column-3">Colorado History, Latino Workers </td><td class="column-4">Book Excerpt</td>
</tr>
<tr class="row-4">
	<td class="column-1"><a href="https://docs.google.com/document/d/1yRtUUtTd5KQ9Je-P2x_ZSmHpHkmobPNZLLbQyl52sV0/edit">Eracism: exploración de las raíces de la población latina del condado de Boulder.</a></td><td class="column-2">Students, Teachers</td><td class="column-3">Immigration, Latino Workers</td><td class="column-4">Primary Source</td>
</tr>
<tr class="row-5">
	<td class="column-1"><a href="https://docs.google.com/document/d/1QIjIZR6wDY2Sb9ECmM9UvpWK9PFhe7xg4POJtM5Be5Y/edit">Una década negra de actividades del KLAN en contra de los latinos locales.</a></td><td class="column-2">Students, Teachers </td><td class="column-3">Racism, discrimination </td><td class="column-4">Primary Source</td>
</tr>
<tr class="row-6">
	<td class="column-1"><a href="https://docs.google.com/presentation/d/1XTEhteVtDzfoIEmO_CAfHy2AoC9J_qJ3np0cVGeSrFg/edit#slide=id.p3">Trabajadores migrantes:  Herramientas que sostienen </a></td><td class="column-2">Students, Teachers</td><td class="column-3">Migrant farm work, education </td><td class="column-4">Presentation </td>
</tr>
</tbody>
</table>
<!-- #tablepress-10 from cache --></p>
